435 - 575 = 5*o - 2*l, -3*l = -4*o - 815. Let b = 359 + o. List the prime factors of b.
3, 53
Let s(b) = 11*b - 80. Let w(q) = 4*q - 27. Let k(j) = 6*s(j) - 17*w(j). Let g be k(-10). What are the prime factors of 32/(-48)*(g - 17)?
2, 3
Let x(f) = -11*f**3 - f**2 + 5*f - 4. What are the prime factors of x(-3)?
269
Suppose -6*p + 2*p = 164. Let q = -26 - p. Suppose 5*j = 4*j + q. What are the prime factors of j?
3, 5
Suppose -4*w = -2*c - 438 - 392, 3*w = -3*c + 645. What are the prime factors of w?
2, 3, 5, 7
What are the prime factors of 3 + (2 - 3)*-1942?
5, 389
Suppose 0 = -0*b - 2*b - 6. Let k be (-1)/b*(-3)/(-1). Let z = k + 9. What are the prime factors of z?
2, 5
Suppose -4*h - 236 = 4*c, -c = c + 3*h + 120. Let z = c - -156. List the prime factors of z.
3, 11
Let k be (6 - 7) + -6*2/(-3). What are the prime factors of (-3790)/(-25) + ((-6)/(-5))/k?
2, 19
Suppose -3307 = -13*t - 213. List the prime factors of t.
2, 7, 17
Let i(b) = b + 5. Let d be i(5). Let j = 17 + d. Suppose 1 = -2*k + j. List the prime factors of k.
13
Suppose 2*b = -5*x - 2*b - 163, 3*b = 3*x + 114. List the prime factors of (80/x)/((-8)/28).
2
What are the prime factors of (-33448)/(-24) + (-2 - 4/(-3))?
7, 199
Suppose 0 = -g + 2*u + 7, -5*g + 55 = u + 9. Let d be (-3815)/6 + g/(-54). List the prime factors of d/(-24) + 1/(-2).
2, 13
Let s = -4 - 0. Suppose -c - 2*c = -2*w + 186, 5*w - 15 = 0. Let r = s - c. What are the prime factors of r?
2, 7
Let a(g) = -g - 7. Let l be a(-3). Let i(y) = y**3 - 12*y**2 + y. Let m be i(12). What are the prime factors of (6/l)/(m/(-224))?
2, 7
Let z(g) = 338*g**2 - 4*g - 1. What are the prime factors of z(1)?
3, 37
Suppose -22*d + 25*d = 24. List the prime factors of (392/32)/(2/d).
7
Let x(a) = -25*a - 3. Let h be 21/(-3)*(1 - 2). Let q = h - 9. What are the prime factors of x(q)?
47
Let s(l) = l + 2. Let z be s(-2). Suppose z = -2*b - 2*b + 12. Suppose b*k - 2*k = c - 7, -5*k - 29 = -2*c. List the prime factors of c.
2
Let c(b) = 138*b - 104. List the prime factors of c(3).
2, 5, 31
Let j = -57 - -91. List the prime factors of j.
2, 17
Suppose -5*y = 5*f - 10*y + 10, 3*f + 2 = 2*y. Suppose 3*u - 21 = f*u. List the prime factors of u.
3, 7
Let s(d) = d**3 - 3*d**2 + 2*d + 1. Let y be s(2). Suppose 0 = 3*a - g + 12, -3*g = a - 6*g + 12. What are the prime factors of a + 13 + 3*y?
13
Let m(c) be the second derivative of 5*c**4/3 - c**3/3 + c**2/2 - c. Suppose 9*t - 9 = -0. List the prime factors of m(t).
19
Let a(x) = -23*x + 11. Let d(p) = 27*p - 12. Let i(n) = 6*a(n) + 5*d(n). Let g(r) = 7*r**3 - r**2 + r + 1. Let l be g(-1). What are the prime factors of i(l)?
2, 3, 5
Suppose -4*w + 3*w = 4. Let r be -6*((-1236)/(-9))/w. Suppose -3*t - 5*h + r = -h, 2*h - 258 = -4*t. List the prime factors of t.
2, 31
Let w = -22 + 51. List the prime factors of w.
29
Suppose -141*f + 1368 = -139*f. List the prime factors of f.
2, 3, 19
Let p = 854 - 440. What are the prime factors of p?
2, 3, 23
Suppose -5*i + 0*f + 4683 = 2*f, -5*f + 932 = i. What are the prime factors of i?
937
Let r = -5 - -5. Let u(h) = -4*h + 5*h + 23 + 6. What are the prime factors of u(r)?
29
Let n = 8270 + -4114. List the prime factors of n.
2, 1039
Suppose 3 = -d + 7. Suppose -139 = -d*g - 23. Suppose 0 = x + 2*p - g, -x + 4*p - 3*p = -17. List the prime factors of x.
3, 7
Let u = 42 + -33. Let p(q) = -q**2 + 12*q - 16. List the prime factors of p(u).
11
Let l(n) = -89*n - 3. Let i(c) = 44*c + 1. Let y(r) = 9*i(r) + 4*l(r). What are the prime factors of y(1)?
37
Let o(f) = 3*f**3 - f**2 + 2*f - 1. Let j be o(1). Suppose t + j*h - 26 = 0, 2*t + 2*h - h = 72. Let r = t - 4. List the prime factors of r.
2, 17
What are the prime factors of (-9)/(-6)*33520/60?
2, 419
Let c(z) = z**2 - 11*z + 3. Let m be c(11). Suppose -m*k = -8*k + 385. Let w = -42 + k. What are the prime factors of w?
5, 7
Let d be 9/(-6)*16/(-6). Suppose d*z + 8 = 2*z - 4*f, -3*z - 10 = 5*f. Suppose -2*n = 5*r - 65, 4*r + z*r - 70 = 2*n. What are the prime factors of r?
3, 5
Suppose 0*u - 2*u = 0. Let s = 597 - 593. Suppose -s*f + 157 = -o, u = f - 3*f + 4*o + 82. What are the prime factors of f?
3, 13
Let d = 470 - -65. What are the prime factors of d?
5, 107
Suppose 0 = 1463*i - 1454*i - 35793. What are the prime factors of i?
41, 97
Suppose 6*l - 177 - 759 = 0. List the prime factors of (l/91)/(2/112).
2, 3
Suppose -4*p + 4*x = -10400, 4*x = 2*p - 570 - 4620. What are the prime factors of p?
5, 521
Suppose -n = -4*n + 12. Suppose x = -n*x + 25. Suppose 16 - 141 = -x*p. What are the prime factors of p?
5
Suppose -1228 = i - 5*i. Let w = i + -89. List the prime factors of w.
2, 109
Let f be 4/10*(4 + -134). Let c be (7/(-2) - -2)*f. List the prime factors of (c/(-8))/((-24)/64).
2, 13
Let m = 61 - 9. Let n = -41 + m. What are the prime factors of n?
11
Suppose 5*p + v + 10 = -10, 0 = p - 2*v + 15. Let a(i) = -i**2 - 5*i + 5. Let f(k) = k. Let r(g) = p*f(g) - a(g). List the prime factors of r(5).
2, 5
Let h be 2/((15/42)/5). Suppose i - 2*p + 15 = 0, 4*i - 3*p = -h - 22. What are the prime factors of (-4200)/(-132) + (-2)/i?
2
Suppose u - 26 - 67 = 0. Let s = -35 + u. What are the prime factors of s?
2, 29
Let p = -52 + 49. What are the prime factors of (p/2)/((-7)/490)?
3, 5, 7
Let w(b) = -b**2 - 7*b - 6. Let o be w(-4). Suppose -11*c - 240 = -15*c. Suppose -o*n = -4*n - c. What are the prime factors of n?
2, 3, 5
Let p = -59 - 27. Let h = p - -227. List the prime factors of h.
3, 47
Let m = 464 - 169. Let k = -3 + m. List the prime factors of 17/34*k/2.
73
Suppose 2*l + 3*x - 18 = 3*l, -4*l + x = 39. List the prime factors of (-356)/(-6) - (-3)/l.
59
Let n(l) = 24*l - 8. Let y = 11 + -8. Let k(d) = 8*d - 3. Let q(r) = y*n(r) - 8*k(r). List the prime factors of q(3).
2, 3
Let v be -3 - -4 - 6/(-3). What are the prime factors of ((-21)/6 + v)/((-5)/50)?
5
Let h(c) = -c - 3. Let r be h(-5). Suppose 1 = 5*a - 4*a, 2*a = -x + 7. Suppose r*q + 2*q = x*v + 76, 2*q - 52 = -v. List the prime factors of q.
2, 3
Let p(h) = -25*h**3 - 4*h**2 - 27*h - 93. List the prime factors of p(-6).
3, 5, 71
Suppose 63 = -5*l - 7. Let x = -8 - l. Suppose 4*u + 16 = x*u. List the prime factors of u.
2
Suppose 118 = 2*y - 210. List the prime factors of y.
2, 41
Suppose -43 + 57 = 7*z. Let m = 56 + z. What are the prime factors of m?
2, 29
Let c = -5 + 5. Suppose 4*a - 18 - 94 = c. Suppose -a = 4*r - 104. List the prime factors of r.
19
Let u be (-4)/(-14) - (-208)/56. Suppose 4*s + 5*z = -5 + 10, 3*z - 3 = u*s. Suppose s = d - 1 - 6. List the prime factors of d.
7
Let t = 62 + 121. What are the prime factors of t?
3, 61
Let c = -189 - -565. What are the prime factors of c?
2, 47
Let m be 4/6 + (-28)/(-12). Let t(w) = 6*w**2 - 1. Let i be t(1). Suppose -i*j + m*h = -328, -4*h + 169 = 5*j - 152. What are the prime factors of j?
5, 13
Suppose 0 = -3*w - 2*h + 1096, 12*h - 8*h - 20 = 0. What are the prime factors of w?
2, 181
Let f = 601 + -321. List the prime factors of f.
2, 5, 7
Suppose 0 = 17*b - 19*b. Suppose -3*l + n + 313 = -b, l - 96 = 2*n. What are the prime factors of l?
2, 53
Let b = -32 + 43. Let r(l) = 35*l - 80. List the prime factors of r(b).
5, 61
Suppose 2*a - 5041 = 3*h, 4*a + h = 12495 - 2434. List the prime factors of a.
2, 17, 37
List the prime factors of (-2616)/(-6)*65/20.
13, 109
Let n = 13 - 15. List the prime factors of (9/(-4))/(n/40).
3, 5
Let q(v) = -v**2 - 6*v - 3. Let p be q(-5). Suppose 6 = -3*l, l - 74 = -p*k - 0*l. Let j = 67 - k. List the prime factors of j.
29
Let x(u) = 8*u - 8. Let s be 1*(8/(-4) + 19). Suppose s = 4*b + 3*o, -b + 0*o - 3*o = -2. What are the prime factors of x(b)?
2
Suppose -14*j + 6685 + 4683 = 0. What are the prime factors of j?
2, 7, 29
Let y = -308 - -387. Let d be (0 + 1 + -62)/(-1). Suppose y = 4*a - d. What are the prime factors of a?
5, 7
What are the prime factors of 253/55 + 7/5 + 5614?
2, 5, 281
Suppose -2998 = -2*o - 2*l, -2*o + 0*o - 4*l = -3004. What are the prime factors of o?
2, 11, 17
Suppose -2220 = 17*h - 21*h. Suppose -h = -5*f - 75. List the prime factors of f.
2, 3
Let w = -88 - -50. Let t = 121 + w. What are the prime factors of t?
83
Let a be 1*-2*20/(-8). Suppose 5*g - 32 = -2*z, g - 6*g = -a*z + 10. What are the prime factors of z/15 + 249/15?
17
Wh